2
What is the hundreds digit of 58697?
6
What is the units digit of 21805?
5
What is the hundreds digit of 5926?
9
What is the units digit of 45989?
9
What is the units digit of 4078?
8
What is the tens digit of 729?
2
What is the hundreds digit of 5482?
4
What is the tens digit of 1161?
6
What is the units digit of 25347?
7
What is the thousands digit of 33534?
3
What is the units digit of 1507?
7
What is the units digit of 1875?
5
What is the tens digit of 25636?
3
What is the units digit of 61537?
7
What is the units digit of 7724?
4
What is the tens digit of 4377?
7
What is the thousands digit of 9982?
9
What is the thousands digit of 4472?
4
What is the units digit of 88?
8
What is the hundreds digit of 2664?
6
What is the tens digit of 457?
5
What is the units digit of 941?
1
What is the thousands digit of 19447?
9
What is the tens digit of 1437?
3
What is the ten thousands digit of 31067?
3
What is the units digit of 131?
1
What is the ten thousands digit of 11095?
1
What is the units digit of 1479?
9
What is the thousands digit of 1186?
1
What is the units digit of 6870?
0
What is the hundreds digit of 13573?
5
What is the ten thousands digit of 127997?
2
What is the hundreds digit of 33542?
5
What is the thousands digit of 7865?
7
What is the hundreds digit of 321?
3
What is the units digit of 2291?
1
What is the thousands digit of 10520?
0
What is the hundreds digit of 18049?
0
What is the units digit of 416?
6
What is the units digit of 873?
3
What is the units digit of 1988?
8
What is the hundreds digit of 17941?
9
What is the tens digit of 304?
0
What is the hundreds digit of 792?
7
What is the tens digit of 5112?
1
What is the units digit of 4728?
8
What is the tens digit of 1741?
4
What is the units digit of 819?
9
What is the hundreds digit of 544?
5
What is the ten thousands digit of 57640?
5
What is the units digit of 17023?
3
What is the tens digit of 91?
9
What is the tens digit of 2640?
4
What is the thousands digit of 1122?
1
What is the hundreds digit of 2166?
1
What is the units digit of 107383?
3
What is the tens digit of 12664?
6
What is the hundreds digit of 4546?
5
What is the thousands digit of 14556?
4
What is the tens digit of 26376?
7
What is the hundreds digit of 489?
4
What is the tens digit of 503?
0
What is the hundreds digit of 68163?
1
What is the hundreds digit of 3902?
9
What is the hundreds digit of 1703?
7
What is the thousands digit of 43569?
3
What is the tens digit of 1175?
7
What is the hundreds digit of 2525?
5
What is the units digit of 2302?
2
What is the thousands digit of 14945?
4
What is the units digit of 6317?
7
What is the tens digit of 20254?
5
What is the hundreds digit of 132934?
9
What is the hundreds digit of 15222?
2
What is the tens digit of 1021?
2
What is the hundreds digit of 367?
3
What is the thousands digit of 9954?
9
What is the hundreds digit of 20396?
3
What is the tens digit of 13029?
2
What is the ten thousands digit of 24971?
2
What is the thousands digit of 6305?
6
What is the tens digit of 17905?
0
What is the units digit of 8662?
2
What is the tens digit of 31130?
3
What is the hundreds digit of 973?
9
What is the units digit of 9675?
5
What is the tens digit of 1124?
2
What is the tens digit of 1340?
4
What is the tens digit of 52369?
6
What is the units digit of 6758?
8
What is the units digit of 37085?
5
What is the units digit of 8317?
7
What is the tens digit of 1037?
3
What is the hundreds digit of 5930?
9
What is the hundreds digit of 2179?
1
What is the tens digit of 577?
7
What is the ten thousands digit of 11490?
1
What is the ten thousands digit of 77477?
7
What is the tens digit of 9553?
5
What is the hundreds digit of 6568?
5
What is the tens digit of 3180?
8
What is the tens digit of 14478?
7
What is the hundreds digit of 491?
4
What is the hundreds digit of 7698?
6
What is the tens digit of 98?
9
What is the hundreds digit of 11449?
4
What is the units digit of 361?
1
What is the thousands digit of 62471?
2
What is the units digit of 6127?
7
What is the thousands digit of 20363?
0
What is the tens digit of 16049?
4
What is the units digit of 1706?
6
What is the thousands digit of 6695?
6
What is the thousands digit of 14356?
4
What is the thousands digit of 4801?
4
What is the tens digit of 74625?
2
What is the thousands digit of 1392?
1
What is the hundreds digit of 7813?
8
What is the hundreds digit of 389?
3
What is the hundreds digit of 14344?
3
What is the thousands digit of 11446?
1
What is the tens digit of 10847?
4
What is the hundreds digit of 1164?
1
What is the units digit of 1888?
8
What is the hundreds digit of 4702?
7
What is the units digit of 5475?
5
What is the hundred thousands digit of 129115?
1
What is the tens digit of 220?
2
What is the thousands digit of 43428?
3
What is the hundreds digit of 7431?
4
What is the ten thousands digit of 32825?
3
What is the hundreds digit of 221?
2
What is the tens digit of 11815?
1
What is the units digit of 65998?
8
What is the tens digit of 6918?
1
What is the units digit of 3794?
4
What is the tens digit of 440?
4
What is the tens digit of 4678?
7
What is the hundreds digit of 4555?
5
What is the hundreds digit of 44614?
6
What is the thousands digit of 16433?
6
What is the tens digit of 2019?
1
What is the units digit of 107458?
8
What is the thousands digit of 34291?
4
What is the units digit of 24221?
1
What is the hundreds digit of 3494?
4
What is the units digit of 292?
2
What is the hundreds digit of 811?
8
What is the thousands digit of 106427?
6
What is the thousands digit of 1454?
1
What is the units digit of 1652?
2
What is the thousands digit of 54625?
4
What is the hundreds digit of 40528?
5
What is the thousands digit of 1287?
1
What is the hundreds digit of 1388?
3
What is the units digit of 1483?
3
What is the tens digit of 401?
0
What is the tens digit of 772?
7
What is the units digit of 6714?
4
What is the hundreds digit of 13737?
7
What is the tens digit of 59?
5
What is the units digit of 4712?
2
What is the thousands digit of 3113?
3
What is the hundreds digit of 12446?
4
What is the units digit of 10546?
6
What is the tens digit of 35626?
2
What is the tens digit of 429?
2
What is the tens digit of 632?
3
What is the thousands digit of 104656?
4
What is the tens digit of 472?
7
What is the hundred thousands digit of 127342?
1
What is the hundreds digit of 16490?
4
What is the tens digit of 19?
1
What is the hundred thousands digit of 155814?
1
What is the thousands digit of 44792?
4
What is the units digit of 1877?
7
What is the units digit of 916?
6
What is the tens digit of 74791?
9
What is the hundreds digit of 483?
4
What is the units digit of 75498?
8
What is the tens digit of 13411?
1
What is the hundreds digit of 920?
9
What is the hundreds digit of 982?
9
What is the thousands digit of 82882?
2
What is the thousands digit of 11881?
1
What is the ten thousands digit of 21073?
2
What is the hundreds digit of 1902?
9
What is the thousands digit of 45436?
5
What is the units digit of 4892?
2
What is the units digit of 71?
1
What is the units digit of 1054?
4
What is the hundreds digit of 1137?
1
What is the thousands digit of 2341?
2
What is the hundreds digit of 1816?
8
What is the hundreds digit of 1296?
2
What is the tens digit of 15904?
0
What is the hundreds digit of 12284?
2
What is the thousands digit of 2102?
2
What is the ten thousands digit of 44520?
4
What is the thousands digit of 134918?
4
What is the hundreds digit of 13635?
6
What is the tens digit of 573?
7
What is the hundreds digit of 2115?
1
What is the hundreds digit of 6342?
3
What is the tens digit of 7647?
4
What is the thousands digit of 5741?
5
What is the units digit of 3162?
2
What is the ten thousands digit of 12321?
1
What is the ten thousands digit of 15883?
1
What is the hundreds digit of 4789?
7
What is the ten thousands digit of 14339?
1
What is the tens digit of 141?
4
What is the hundreds digit of 24670?
6
What is the units digit of 3036?
6
What is the tens digit of 7200?
0
What is the tens digit of 2250?
5
What is the ten thousands digit of 13155?
1
What is the hundreds digit of 541?
5
What is the units digit of 5587?
7
What is the hundreds digit of 1482?
4
What is the units digi